{"id":4978,"date":"2022-11-30T16:08:10","date_gmt":"2022-11-30T13:08:10","guid":{"rendered":"http:\/\/normgas.com\/?post_type=product&#038;p=4978"},"modified":"2025-05-26T16:48:15","modified_gmt":"2025-05-26T13:48:15","slug":"mtn-go-10-kw-siyah-seramik-radyant-isitici","status":"publish","type":"product","link":"https:\/\/normgas.com\/?product=mtn-go-10-kw-siyah-seramik-radyant-isitici","title":{"rendered":"MTN-6GO-10 Kw Siyah SERAM\u0130K RADYANT ISITICI"},"content":{"rendered":"<ul>\n<li>Korozyona Dayan\u0131kl\u0131 D\u0131\u015f \u00c7elik G\u00f6vde<\/li>\n<li>Paslanmaz \u00c7elik \u0130\u00e7 G\u00f6vde<\/li>\n<li>Hassas Test S\u00fcreci<\/li>\n<li>2 Y\u0131l \u0130malat\u00e7\u0131 Garantisi<\/li>\n<li>Opsiyonel \u00dcst Seramik<\/li>\n<li>Kafe, Restoran, Fabrika, Kafeterya, Depo, At\u00f6lye, Seralar, Tatil K\u00f6yleri, Spor Salonlar\u0131, Hayvan \u00c7iftlikleri, Bah\u00e7e ve \u0130badethaneler i\u00e7in Uygundur<\/li>\n<li>Bak\u0131ma \u0130htiyac\u0131 Yoktur Ekonomiktir<\/li>\n<li>R\u00fczgardan Etkilenmez<\/li>\n<li>3 Kademeli Uzaktan Kumandal\u0131 yada Manuel Kullan\u0131m kolayl\u0131\u011f\u0131<\/li>\n<li>Ayarlanabilir Ergonomik Ba\u011flant\u0131 Sistemi<\/li>\n<li>Maksimum Konfor ve Sa\u011fl\u0131kl\u0131 Is\u0131 Da\u011f\u0131l\u0131m\u0131<\/li>\n<li>\u00d6zel Renkler<\/li>\n<\/ul>\n","protected":false},"excerpt":{"rendered":"<p>Norm Gas \u2018\u0131n \u00fcretti\u011fi seramik plakal\u0131 radyant \u0131s\u0131t\u0131c\u0131lar a\u00e7\u0131k alevli olarak da adland\u0131r\u0131labilinir ac\u0131k alevli \u0131s\u0131t\u0131c\u0131lar ortam\u0131 de\u011fil \u0131s\u0131nmas\u0131n\u0131 istedi\u011finiz nesne veya canl\u0131lar\u0131 \u0131s\u0131t\u0131r b\u00f6ylece %40 enerji tasarrufu yapabilirsiniz.Radyant seramik \u0131s\u0131tma 2000 li y\u0131llarda end\u00fcstriyel \u0131s\u0131tma olarak kafe ve restoranlarda kullan\u0131lmaya ba\u015fland\u0131.Radyant \u0131s\u0131tmaya \u00f6rnek vermek gerekirse g\u00fcne\u015fin d\u00fcnyam\u0131z\u0131 \u0131s\u0131tmas\u0131 y\u00f6ntemi olabilir.Radyan \u0131s\u0131tma, kafe, \u00e7ar\u015f\u0131, market,cami, teras, spor salonu, a\u00e7\u0131k alanlar ve hayvanc\u0131l\u0131\u011f\u0131n yap\u0131ld\u0131\u011f\u0131 i\u015fletmelerinde kullan\u0131lmaktad\u0131r.<br \/>\nRadyant Is\u0131t\u0131c\u0131lar\u0131n enerji kayna\u011f\u0131, do\u011falgaz ,LPG yada elektrik,\u00a0 olabilir. Do\u011falgazl\u0131 \u0131s\u0131t\u0131c\u0131lar genellikle a\u00e7\u0131k alevli ve borulu Tip Radyant \u0131s\u0131t\u0131c\u0131lard\u0131r.<\/p>\n","protected":false},"featured_media":4474,"comment_status":"open","ping_status":"closed","template":"","meta":[],"product_cat":[51],"product_tag":[],"yoast_head":"<!-- This site is optimized with the Yoast SEO plugin v19.8 - https:\/\/yoast.com\/wordpress\/plugins\/seo\/ -->\n<title>MTN-6GO-10 Kw Siyah SERAM\u0130K RADYANT ISITICI - Normgas<\/title>\n<meta name=\"robots\" content=\"index, follow, max-snippet:-1, max-image-preview:large, max-video-preview:-1\" \/>\n<link rel=\"canonical\" href=\"https:\/\/normgas.com\/?product=mtn-go-10-kw-siyah-seramik-radyant-isitici\" \/>\n<meta property=\"og:locale\" content=\"tr_TR\" \/>\n<meta property=\"og:type\" content=\"article\" \/>\n<meta property=\"og:title\" content=\"MTN-6GO-10 Kw Siyah SERAM\u0130K RADYANT ISITICI - Normgas\" \/>\n<meta property=\"og:description\" content=\"Norm Gas \u2018\u0131n \u00fcretti\u011fi seramik plakal\u0131 radyant \u0131s\u0131t\u0131c\u0131lar a\u00e7\u0131k alevli olarak da adland\u0131r\u0131labilinir ac\u0131k alevli \u0131s\u0131t\u0131c\u0131lar ortam\u0131 de\u011fil \u0131s\u0131nmas\u0131n\u0131 istedi\u011finiz nesne veya canl\u0131lar\u0131 \u0131s\u0131t\u0131r b\u00f6ylece %40 enerji tasarrufu yapabilirsiniz.Radyant seramik \u0131s\u0131tma 2000 li y\u0131llarda end\u00fcstriyel \u0131s\u0131tma olarak kafe ve restoranlarda kullan\u0131lmaya ba\u015fland\u0131.Radyant \u0131s\u0131tmaya \u00f6rnek vermek gerekirse g\u00fcne\u015fin d\u00fcnyam\u0131z\u0131 \u0131s\u0131tmas\u0131 y\u00f6ntemi olabilir.Radyan \u0131s\u0131tma, kafe, \u00e7ar\u015f\u0131, market,cami, teras, spor salonu, a\u00e7\u0131k alanlar ve hayvanc\u0131l\u0131\u011f\u0131n yap\u0131ld\u0131\u011f\u0131 i\u015fletmelerinde kullan\u0131lmaktad\u0131r. Radyant Is\u0131t\u0131c\u0131lar\u0131n enerji kayna\u011f\u0131, do\u011falgaz ,LPG yada elektrik,\u00a0 olabilir. Do\u011falgazl\u0131 \u0131s\u0131t\u0131c\u0131lar genellikle a\u00e7\u0131k alevli ve borulu Tip Radyant \u0131s\u0131t\u0131c\u0131lard\u0131r.\" \/>\n<meta property=\"og:url\" content=\"https:\/\/normgas.com\/?product=mtn-go-10-kw-siyah-seramik-radyant-isitici\" \/>\n<meta property=\"og:site_name\" content=\"Normgas\" \/>\n<meta property=\"article:modified_time\" content=\"2025-05-26T13:48:15+00:00\" \/>\n<meta property=\"og:image\" content=\"http:\/\/normgas.com\/wp-content\/uploads\/2022\/11\/10Kw-Siyah-3.png\" \/>\n\t<meta property=\"og:image:width\" content=\"1920\" \/>\n\t<meta property=\"og:image:height\" content=\"1920\" \/>\n\t<meta property=\"og:image:type\" content=\"image\/png\" \/>\n<meta name=\"twitter:card\" content=\"summary_large_image\" \/>\n<meta name=\"twitter:label1\" content=\"Tahmini okuma s\u00fcresi\" \/>\n\t<meta name=\"twitter:data1\" content=\"1 dakika\" \/>\n<script type=\"application\/ld+json\" class=\"yoast-schema-graph\">{\"@context\":\"https:\/\/schema.org\",\"@graph\":[{\"@type\":\"WebPage\",\"@id\":\"https:\/\/normgas.com\/?product=mtn-go-10-kw-siyah-seramik-radyant-isitici\",\"url\":\"https:\/\/normgas.com\/?product=mtn-go-10-kw-siyah-seramik-radyant-isitici\",\"name\":\"MTN-6GO-10 Kw Siyah SERAM\u0130K RADYANT ISITICI - Normgas\",\"isPartOf\":{\"@id\":\"http:\/\/normgas.com\/#website\"},\"datePublished\":\"2022-11-30T13:08:10+00:00\",\"dateModified\":\"2025-05-26T13:48:15+00:00\",\"breadcrumb\":{\"@id\":\"https:\/\/normgas.com\/?product=mtn-go-10-kw-siyah-seramik-radyant-isitici#breadcrumb\"},\"inLanguage\":\"tr\",\"potentialAction\":[{\"@type\":\"ReadAction\",\"target\":[\"https:\/\/normgas.com\/?product=mtn-go-10-kw-siyah-seramik-radyant-isitici\"]}]},{\"@type\":\"BreadcrumbList\",\"@id\":\"https:\/\/normgas.com\/?product=mtn-go-10-kw-siyah-seramik-radyant-isitici#breadcrumb\",\"itemListElement\":[{\"@type\":\"ListItem\",\"position\":1,\"name\":\"Home\",\"item\":\"https:\/\/normgas.com\/\"},{\"@type\":\"ListItem\",\"position\":2,\"name\":\"\u00dcr\u00fcnler\",\"item\":\"http:\/\/normgas.com\/?page_id=1705\"},{\"@type\":\"ListItem\",\"position\":3,\"name\":\"MTN-6GO-10 Kw Siyah SERAM\u0130K RADYANT ISITICI\"}]},{\"@type\":\"WebSite\",\"@id\":\"http:\/\/normgas.com\/#website\",\"url\":\"http:\/\/normgas.com\/\",\"name\":\"Normgas\",\"description\":\"Heating Systems\",\"publisher\":{\"@id\":\"http:\/\/normgas.com\/#organization\"},\"potentialAction\":[{\"@type\":\"SearchAction\",\"target\":{\"@type\":\"EntryPoint\",\"urlTemplate\":\"http:\/\/normgas.com\/?s={search_term_string}\"},\"query-input\":\"required name=search_term_string\"}],\"inLanguage\":\"tr\"},{\"@type\":\"Organization\",\"@id\":\"http:\/\/normgas.com\/#organization\",\"name\":\"Normgas\",\"url\":\"http:\/\/normgas.com\/\",\"sameAs\":[],\"logo\":{\"@type\":\"ImageObject\",\"inLanguage\":\"tr\",\"@id\":\"http:\/\/normgas.com\/#\/schema\/logo\/image\/\",\"url\":\"https:\/\/normgas.com\/wp-content\/uploads\/2022\/11\/cropped-cropped-normgas-heating-systems-4-1-1.png\",\"contentUrl\":\"https:\/\/normgas.com\/wp-content\/uploads\/2022\/11\/cropped-cropped-normgas-heating-systems-4-1-1.png\",\"width\":285,\"height\":127,\"caption\":\"Normgas\"},\"image\":{\"@id\":\"http:\/\/normgas.com\/#\/schema\/logo\/image\/\"}}]}<\/script>\n<!-- \/ Yoast SEO plugin. -->","yoast_head_json":{"title":"MTN-6GO-10 Kw Siyah SERAM\u0130K RADYANT ISITICI - Normgas","robots":{"index":"index","follow":"follow","max-snippet":"max-snippet:-1","max-image-preview":"max-image-preview:large","max-video-preview":"max-video-preview:-1"},"canonical":"https:\/\/normgas.com\/?product=mtn-go-10-kw-siyah-seramik-radyant-isitici","og_locale":"tr_TR","og_type":"article","og_title":"MTN-6GO-10 Kw Siyah SERAM\u0130K RADYANT ISITICI - Normgas","og_description":"Norm Gas \u2018\u0131n \u00fcretti\u011fi seramik plakal\u0131 radyant \u0131s\u0131t\u0131c\u0131lar a\u00e7\u0131k alevli olarak da adland\u0131r\u0131labilinir ac\u0131k alevli \u0131s\u0131t\u0131c\u0131lar ortam\u0131 de\u011fil \u0131s\u0131nmas\u0131n\u0131 istedi\u011finiz nesne veya canl\u0131lar\u0131 \u0131s\u0131t\u0131r b\u00f6ylece %40 enerji tasarrufu yapabilirsiniz.Radyant seramik \u0131s\u0131tma 2000 li y\u0131llarda end\u00fcstriyel \u0131s\u0131tma olarak kafe ve restoranlarda kullan\u0131lmaya ba\u015fland\u0131.Radyant \u0131s\u0131tmaya \u00f6rnek vermek gerekirse g\u00fcne\u015fin d\u00fcnyam\u0131z\u0131 \u0131s\u0131tmas\u0131 y\u00f6ntemi olabilir.Radyan \u0131s\u0131tma, kafe, \u00e7ar\u015f\u0131, market,cami, teras, spor salonu, a\u00e7\u0131k alanlar ve hayvanc\u0131l\u0131\u011f\u0131n yap\u0131ld\u0131\u011f\u0131 i\u015fletmelerinde kullan\u0131lmaktad\u0131r. Radyant Is\u0131t\u0131c\u0131lar\u0131n enerji kayna\u011f\u0131, do\u011falgaz ,LPG yada elektrik,\u00a0 olabilir. Do\u011falgazl\u0131 \u0131s\u0131t\u0131c\u0131lar genellikle a\u00e7\u0131k alevli ve borulu Tip Radyant \u0131s\u0131t\u0131c\u0131lard\u0131r.","og_url":"https:\/\/normgas.com\/?product=mtn-go-10-kw-siyah-seramik-radyant-isitici","og_site_name":"Normgas","article_modified_time":"2025-05-26T13:48:15+00:00","og_image":[{"width":1920,"height":1920,"url":"http:\/\/normgas.com\/wp-content\/uploads\/2022\/11\/10Kw-Siyah-3.png","type":"image\/png"}],"twitter_card":"summary_large_image","twitter_misc":{"Tahmini okuma s\u00fcresi":"1 dakika"},"schema":{"@context":"https:\/\/schema.org","@graph":[{"@type":"WebPage","@id":"https:\/\/normgas.com\/?product=mtn-go-10-kw-siyah-seramik-radyant-isitici","url":"https:\/\/normgas.com\/?product=mtn-go-10-kw-siyah-seramik-radyant-isitici","name":"MTN-6GO-10 Kw Siyah SERAM\u0130K RADYANT ISITICI - Normgas","isPartOf":{"@id":"http:\/\/normgas.com\/#website"},"datePublished":"2022-11-30T13:08:10+00:00","dateModified":"2025-05-26T13:48:15+00:00","breadcrumb":{"@id":"https:\/\/normgas.com\/?product=mtn-go-10-kw-siyah-seramik-radyant-isitici#breadcrumb"},"inLanguage":"tr","potentialAction":[{"@type":"ReadAction","target":["https:\/\/normgas.com\/?product=mtn-go-10-kw-siyah-seramik-radyant-isitici"]}]},{"@type":"BreadcrumbList","@id":"https:\/\/normgas.com\/?product=mtn-go-10-kw-siyah-seramik-radyant-isitici#breadcrumb","itemListElement":[{"@type":"ListItem","position":1,"name":"Home","item":"https:\/\/normgas.com\/"},{"@type":"ListItem","position":2,"name":"\u00dcr\u00fcnler","item":"http:\/\/normgas.com\/?page_id=1705"},{"@type":"ListItem","position":3,"name":"MTN-6GO-10 Kw Siyah SERAM\u0130K RADYANT ISITICI"}]},{"@type":"WebSite","@id":"http:\/\/normgas.com\/#website","url":"http:\/\/normgas.com\/","name":"Normgas","description":"Heating Systems","publisher":{"@id":"http:\/\/normgas.com\/#organization"},"potentialAction":[{"@type":"SearchAction","target":{"@type":"EntryPoint","urlTemplate":"http:\/\/normgas.com\/?s={search_term_string}"},"query-input":"required name=search_term_string"}],"inLanguage":"tr"},{"@type":"Organization","@id":"http:\/\/normgas.com\/#organization","name":"Normgas","url":"http:\/\/normgas.com\/","sameAs":[],"logo":{"@type":"ImageObject","inLanguage":"tr","@id":"http:\/\/normgas.com\/#\/schema\/logo\/image\/","url":"https:\/\/normgas.com\/wp-content\/uploads\/2022\/11\/cropped-cropped-normgas-heating-systems-4-1-1.png","contentUrl":"https:\/\/normgas.com\/wp-content\/uploads\/2022\/11\/cropped-cropped-normgas-heating-systems-4-1-1.png","width":285,"height":127,"caption":"Normgas"},"image":{"@id":"http:\/\/normgas.com\/#\/schema\/logo\/image\/"}}]}},"_links":{"self":[{"href":"https:\/\/normgas.com\/index.php?rest_route=\/wp\/v2\/product\/4978"}],"collection":[{"href":"https:\/\/normgas.com\/index.php?rest_route=\/wp\/v2\/product"}],"about":[{"href":"https:\/\/normgas.com\/index.php?rest_route=\/wp\/v2\/types\/product"}],"replies":[{"embeddable":true,"href":"https:\/\/normgas.com\/index.php?rest_route=%2Fwp%2Fv2%2Fcomments&post=4978"}],"wp:featuredmedia":[{"embeddable":true,"href":"https:\/\/normgas.com\/index.php?rest_route=\/wp\/v2\/media\/4474"}],"wp:attachment":[{"href":"https:\/\/normgas.com\/index.php?rest_route=%2Fwp%2Fv2%2Fmedia&parent=4978"}],"wp:term":[{"taxonomy":"product_cat","embeddable":true,"href":"https:\/\/normgas.com\/index.php?rest_route=%2Fwp%2Fv2%2Fproduct_cat&post=4978"},{"taxonomy":"product_tag","embeddable":true,"href":"https:\/\/normgas.com\/index.php?rest_route=%2Fwp%2Fv2%2Fproduct_tag&post=4978"}],"curies":[{"name":"wp","href":"https:\/\/api.w.org\/{rel}","templated":true}]}}